 i - 15. Let n be (-2)/(14/(-3)) + i/7. Let a(u) = -u**2 + 4*u + 16. What is the remainder when 77 is divided by a(n)?
13
Suppose 4*d = -3*s + 574, -4*s + 578 = 2*d - 184. Suppose 5*b - 575 - s = 5*r, -5*b + 757 = -r. Calculate the remainder when b is divided by 52.
47
What is the remainder when 411 is divided by (-7)/21*(9 - 133 - 2)?
33
What is the remainder when (-17 - 13) + 13 + 365 is divided by 182?
166
Suppose 7*t + 4*v + 648 = 9*t, 303 = t - 5*v. What is the remainder when t is divided by 84?
2
Suppose 2*h = 21 - 9. Let z(f) = -2 + h + 6 - f**3 - 19*f**2. Calculate the remainder when 39 is divided by z(-19).
9
Suppose -9441 = -3*r - 5*i + 7483, 5*r - 28213 = -2*i. Calculate the remainder when r is divided by 16.
11
Let o(q) = 53 + 21 - 5*q - 34. Calculate the remainder when o(-27) is divided by 20.
15
Let f = -215 + 280. Let m(a) = 2*a + 111. Calculate the remainder when f is divided by m(-38).
30
Let m = 75 - 68. Suppose 913 = m*q - 816. Suppose -q = -10*i - 3*i. What is the remainder when 36 is divided by i?
17
Suppose 0 = -6*v - 119 + 581. Suppose -t + 2*x = -49, 2*t - 5*x - 99 = -2*x. Let m = -11 + t. Calculate the remainder when v is divided by m.
37
Let l(j) = -j**3 + 8*j**2 + 5*j - 5. Let b be l(9). Let i = b - -158. Calculate the remainder when i is divided by 5 + -5 + (19 - -1).
17
Let d(s) = -s + 22. Let p be (34/(-6))/(2 - 7/3). Let i(b) = 2*b - 28. What is the remainder when d(5) is divided by i(p)?
5
Suppose -420 + 306 = -2*m + i, -2*m - 5*i + 150 = 0. Let t = 83 - 59. What is the remainder when m is divided by t?
12
Let n(p) = -7*p - 49. Let t = 14 - -18. Suppose 16*a - 12*a + t = 0. What is the remainder when 27 is divided by n(a)?
6
Suppose 115 + 15 = 3*n - 5*t, 5*t = -4*n + 220. Suppose 4*o + 2*b = n, 0 = -4*b + 2*b + 6. What is the remainder when 31 is divided by o?
9
Suppose 170*r + 5*i = 169*r + 500, -2442 = -5*r + 4*i. What is the remainder when r is divided by 145?
55
Let d(n) = 89*n + 517. Calculate the remainder when 1077 is divided by d(-5).
69
Let a = -58 - -65. Suppose 0 = a*k - 165 - 73. Calculate the remainder when k is divided by (6 - 10) + 11*2.
16
Let r(h) = -h**3 - 14*h**2 - 8*h - 35. Let f be r(-14). Suppose 8*o - f - 123 = 0. What is the remainder when 92 is divided by o?
17
Suppose -5*q + 147 = -2*k, 4*q - 28*k + 27*k - 120 = 0. What is the remainder when q is divided by 17?
14
Suppose 6*v - 190 = 56. Let l = 117 - v. Calculate the remainder when l is divided by 21.
13
Let k be -4 + (504/(-27) - (-12)/(-9)). Calculate the remainder when 121 is divided by ((-3)/6)/(k/1632).
19
Suppose -145*v + 122*v + 18799 = 7046. What is the remainder when v is divided by 13?
4
Suppose -2*w + 0*w + 5*p + 1023 = 0, -522 = -w + p. What is the remainder when w is divided by 89?
84
Let s = -9732 - -11279. Calculate the remainder when s is divided by 41.
30
Let f = -124 - -121. Let h = -89 - -226. Calculate the remainder when h is divided by ((-2090)/12)/(-5) - f/18.
32
Let j(h) = -h**3 + 12*h**2 + 12*h + 19. Suppose -9*k + 3*k = -78. What is the remainder when 56 is divided by j(k)?
2
Suppose 131*i - 1538 = 33032 + 35384. Calculate the remainder when i is divided by 208.
118
Suppose -949 + 253 = -87*h. Suppose -3*x + 8 = 4*r + 1, 0 = -4*r - 4*x + 8. Let q(v) = 32*v - 1. Calculate the remainder when q(r) is divided by h.
7
Let v(b) = 37*b**2 - 67*b - 578. Calculate the remainder when v(-10) is divided by 23.
20
Suppose 113328 - 334416 = -282*f. Calculate the remainder when f is divided by 197.
193
Suppose 0 = -14*l + 415 - 51. Let d be 2/4 - 33/(-6). What is the remainder when l is divided by (10/(-4))/((-1)/d)?
11
Suppose 0 = 5*n - 4*s - 77 + 32, 5*s + 45 = 4*n. Calculate the remainder when 98 is divided by 124/n - (-34)/170.
23
Suppose 9260 = 5*h - 5*w, -540*h + 541*h - 1812 = -4*w. Calculate the remainder when h is divided by 586.
86
Suppose -14*c - 44*c - 5*c = -3717. Calculate the remainder when 141 is divided by c.
23
Let y(x) = 763*x + 5543. What is the remainder when 1397 is divided by y(-7)?
185
Suppose -9*j + 25 = -4*j. Let g be (1/2)/(-1)*(-310)/j. Suppose 121 + g = 19*o. Calculate the remainder when 38 is divided by o.
6
Suppose -539 = -3*i - v, -2*v = 55*i - 57*i + 362. What is the remainder when i is divided by 86?
8
Suppose -g + 8 = j - 5, -16 = -2*g + 3*j. Let b be (-5 - -3) + 5 + 6*-1. Calculate the remainder when (-4)/14 + 226*b/(-21) is divided by g.
10
Let a(r) = 92*r + 12659. Suppose 0*o + 3*m + 24 = 3*o, -5*m - 10 = 0. Calculate the remainder when a(-137) is divided by 170/o + 4/6.
26
Let t(l) = l**3 - 11*l**2 + 2*l - 4. What is the remainder when t(12) is divided by (-4)/(12/3) + (30 - -4)?
32
Let c(b) = -4*b + 23. Let u be c(10). Let t = u + 30. Suppose 8 = 2*s - 0*s. What is the remainder when t is divided by s?
1
Let k be 70/9 - (10/(-45) + 0). Calculate the remainder when 145 is divided by 2/k*0 - -38.
31
Suppose 5*q = -3*z + 213, 3*z = 155*q - 152*q - 147. Let k = 72 + -49. Let x = q + k. What is the remainder when x is divided by 36?
32
Let w(x) = 2*x + 44 + 3*x - 10*x. Calculate the remainder when 18 + (4 - 3)*-2 is divided by w(7).
7
Calculate the remainder when 2 + 0 + -4 + 308 + -6 is divided by 27.
3
Let a be 0 - 1 - (-54)/(-1). Let t(u) = 75*u + 1026. Let q be t(-14). Let m = q - a. Calculate the remainder when m is divided by 7.
3
Calculate the remainder when 8*(-51)/(-136) - (-2 + 1)*2443 is divided by 153.
151
Let w(i) = 3*i**2 - i + 3. Let u be w(-2). Suppose -u*b - 121 = -818. Calculate the remainder when b is divided by 21.
20
Suppose -57 = 7*n - 1520. Calculate the remainder when n is divided by 22.
11
Let s = -118 - -158. Suppose 15*k + 2*k = 1258. Calculate the remainder when k is divided by s.
34
Suppose 5*g - 4*v = 7803, 4*g - 6270 = -47*v + 41*v. What is the remainder when g is divided by 27?
24
Let a(x) = -2*x**3 - 21*x**2 - 13*x - 21. Suppose -54 = 7*t - 4*t. Calculate the remainder when 7/((-3 + 0)/t) is divided by a(-10).
6
Let b = 195 + -107. Let y(i) = 32*i - 2258. Calculate the remainder when b is divided by y(72).
42
Suppose -191*w + 180*w = -4070. Suppose 7*d - 5*d - 2 = 0, 30 = x - d. Calculate the remainder when w is divided by x.
29
Suppose 242 = -3*i - 5*y, 2*y + 79 = -i - 0*y. Let x(b) = -32*b**2 - 2*b - 1. Let o be x(2). Let u = i - o. What is the remainder when u is divided by 16?
12
Let y = -466 - 230. Let n = y - -713. What is the remainder when (-9 - 1)*(-32)/10 is divided by n?
15
Let g(d) = d**3 - 20*d**2 - 26*d + 10. Let k be g(21). Let v = k + 114. Calculate the remainder when 26 is divided by v.
7
Suppose 460 = 4*z - 4*n, -8*n + 452 = 4*z - 4*n. Suppose k - 19 = -r, 43 = k + 5*r + 44. Calculate the remainder when z is divided by k.
18
Let q = 151 - 149. Suppose 116 = 5*u - q*p + 3*p, -66 = -3*u + 3*p. Let t = -126 + 214. Calculate the remainder when t is divided by u.
19
Let c = 8536 + -7394. Calculate the remainder when c is divided by 164.
158
Let y = -426 + 754. Suppose 5*t - 54*b = 110, 0 = 4*t + 38*b - 41*b - 88. Calculate the remainder when y is divided by t.
20
Let h(b) = b**3 - 4*b**2 + 5*b - 4. Let t be h(3). What is the remainder when ((10 + 20)/3)/(t/28) is divided by 13?
10
Let q(y) = y**2 - 4*y - 107. What is the remainder when 398 is divided by q(13)?
8
Let i = -426 - -275. Let h = -138 - i. What is the remainder when 25 is divided by h?
12
Let i(q) = -q**3 - 10*q**2 - 28*q - 74. Let c be i(-8). Suppose -32*k + 11500 = -c*k. What is the remainder when k is divided by 8?
6
Calculate the remainder when 358 is divided by ((-44)/55 - 10)/(6/(-40)).
70
Let c = -123 + 123. Suppose c*y = 5*y - 140. Calculate the remainder when 47 is divided by y.
19
Suppose 5*x + 6*m = 9*m + 67, 5*m = -x - 9. Suppose 260 = 15*c - x*c. Suppose 7*g = 3*g + 44. What is the remainder when c is divided by g?
10
Suppose -184 = -8*u + 6*u. Let p = 96 - u. What is the remainder when 59 is divided by p?
3
Suppose 114 = 2*q - u, 3*q - 8*q + 5*u = -280. Suppose 0 = 7*v + 16 - q. Calculate the remainder when 137 is divided by v.
5
Suppose -m = -2*m - 2. Let b be m/(-4) - 291/(-2). Calculate the remainder when 93 is divided by b/6 - (-12)/(-36).
21
Let f = 1489 - 1472. Let x(t) = -t - 10. Let j be x(-10). Suppose i - 5*i + 3*n + 266 = j, 0 = 3*i + n - 193. What is the 